 216. Suppose 0 = -2*o + 2*m + 174, 0 = 5*o - 3*m - 414 - 31. What is the remainder when o is divided by l?
20
Suppose n = -4*j + 62, -3*n + 95 = -3*j - 46. Calculate the remainder when 146 is divided by n.
46
Let a(x) = -488*x + 1480. Suppose 180 = 3*n - 0*n + o, -n + 64 = -o. What is the remainder when n is divided by a(3)?
13
Let p(h) = h**3 - 13*h**2 + 47*h + 14. Let f be p(6). Suppose b + b - f = -3*s, 0 = s + b - 15. Calculate the remainder when 26 is divided by s.
12
Suppose 2*a - 30 = -0*a + 2*b, -3*a - 3*b = -63. Let p = a - 8. Calculate the remainder when 119 is divided by p.
9
Let c(n) = -3*n**3 + 19*n**2 - n + 8. What is the remainder when 2505 is divided by c(6)?
35
Suppose 51*v - 47*v - 1768 = 0. Suppose -2*c + 446 - v = 0. Calculate the remainder when 2 is divided by c.
0
Let s = -77 + 129. Suppose u - 3*u + 4*p = -s, -2*p = -2*u + 48. Calculate the remainder when u is divided by 3*1*(-10 - -12).
4
Let a(x) = 3373*x**2 + 66*x - 26. What is the remainder when a(2) is divided by 160?
158
Suppose -3*k + 4*d = -60, -2*d - 60 = 266*k - 269*k. Calculate the remainder when 1118 is divided by k.
18
Suppose -39*w + 51*w = 27*w - 1035. What is the remainder when 4621 is divided by w?
67
Let z(x) = x**3 + 5*x**2 - x + 11. Suppose -5 - 4 = 3*d. Calculate the remainder when ((-33)/(-9) - 3)/(d/(-207)) is divided by z(-5).
14
Suppose 0 = -b + v + 471, -8*v = 14*b - 18*b + 1880. What is the remainder when 1416 is divided by b?
0
Suppose 12*n + 18 = -54. Let l = 21 + n. What is the remainder when 71 is divided by l?
11
Suppose -5*p = -10*k - 7*p + 84792, -k + 5*p = -8448. What is the remainder when k is divided by 265?
263
Let o(s) = 2*s**3 + s**2 - 15*s + 25. Let m be o(2). Let w = 13 + m. What is the remainder when 49 is divided by w?
21
Let k = -794 + 808. Calculate the remainder when 513 is divided by k.
9
Suppose d = 38 + 17. Let c = d - 53. Suppose 5*n - 93 = c*n. Calculate the remainder when n is divided by 16.
15
Calculate the remainder when (2 - (-5 + 7))/(-1) - -398 is divided by 82.
70
Let u = 11 + -7. Let z(n) = 336*n - 7375. Calculate the remainder when (-2)/(u/(-3))*54 is divided by z(22).
13
Suppose 0 = 23*s + 35*s - 44370. Calculate the remainder when s is divided by 28.
9
Suppose g - 4*g = -5*f - 26, -2*g + 15 = -f. Suppose -g*p - 682 = -18*p. What is the remainder when p is divided by 13?
10
Let b = -2327 + 2715. What is the remainder when b is divided by 16?
4
Let j = 101 + -55. Suppose -2615 - 9067 = -66*m. Calculate the remainder when m is divided by j.
39
Suppose -3*q - 36 = -4*z - 7*q, 5*z - 60 = -2*q. Let k = 372 + -962. Let g = 607 + k. What is the remainder when g is divided by z?
3
Let w(m) = m**3 + 9*m**2 - 10*m + 6. Suppose 6*r - 20 = 8*r. Calculate the remainder when 20 is divided by w(r).
2
Let f = 141 + -112. Calculate the remainder when 55 is divided by f.
26
Let o be (6 - (-4 + 28/2)) + -1. What is the remainder when 12 - (10 - 7 - o) is divided by 3?
1
Let j = 2153 - 2147. What is the remainder when 1231 is divided by j?
1
Let k(n) = n**3 - 42*n**2 - 47*n + 192. Let w = 247 - 204. What is the remainder when 998 is divided by k(w)?
18
Let g(z) = 2*z**2 + 90*z + 929. What is the remainder when 231 is divided by g(-16)?
0
Suppose 0 = -5*y - 305 - 130. Let f = y - -87. Suppose j + 8 - 21 = f. Calculate the remainder when j is divided by 4.
1
Let q be 3 - (-5 + 1 + (-59 - 15)). Suppose i = 5*h + 43, -3*i - 2*h + h + q = 0. Calculate the remainder when (17 - i)/((-2)/(0 + 2)) is divided by 3.
2
Suppose 60*h = 39*h + 29666 + 25627. Calculate the remainder when h is divided by 48.
41
Let r be (-16 - -1) + (-3 + 0)*1. Let p = 41 + r. Let v = p + -18. Calculate the remainder when 37 is divided by v.
2
Let g = -2305 + 2384. What is the remainder when 383 is divided by g?
67
Suppose -2*m = -7*m + 410. Suppose 2*g = 5*p - m, -5*p + 3*g + 86 = 2*g. Let w(f) = 533*f + 4868. What is the remainder when w(-9) is divided by p?
17
Suppose 7*l - 316 = 132. Suppose y - 5*m = 3*y - l, y = 5*m + 2. Calculate the remainder when y is divided by 6.
4
Suppose 0 = -4*v + 2*h + 84, -69 - 35 = -5*v + 3*h. What is the remainder when (1/(-4))/(4/(-2416)) is divided by v?
19
Let m(p) = p**2 - 19. Let z = 198 - 206. What is the remainder when 222 is divided by m(z)?
42
Suppose -4*t + 5*n = -0*n - 9265, -9235 = -4*t - n. Suppose t = 56*q - 45*q. What is the remainder when q is divided by 71?
68
Suppose 0 = -g + 2*y - y + 3, -4*y = -g + 6. Suppose -l + h = -284, h + 566 = 4*l - g*l. What is the remainder when (-1)/(-6) - l/(-36) is divided by 5?
3
Suppose o - 1400 = 6*o. Let k = -112 - o. Suppose 0 = -4*i + k + 44. Calculate the remainder when i is divided by 18.
17
Suppose 15 - 3 = 4*o. Suppose -472 = -5*m + 2*g - 5*g, -5*m = -4*g - 479. Let u = m + o. Calculate the remainder when u is divided by 33.
32
Suppose 4*j + 26 = u, 4*u = 5*j - j + 44. Suppose u*x - 33 = 237. Calculate the remainder when 87 is divided by x.
42
Suppose -1804 - 2065 = -53*b. Calculate the remainder when 1390 is divided by b.
3
Suppose 0 = -5*v - 5*j - 25, -2*v + 22*j = 21*j - 2. Calculate the remainder when 3 - (2/(-3))/(v/(-378)) is divided by 32.
31
Suppose -q + 1 + 15 = 0. Suppose -42 = 25*g + 33. Calculate the remainder when 16284/(-184)*2/g is divided by q.
11
Suppose f + 336 = 7*q - 2*q, 0 = 2*f - 8. Let m = -46 + q. Calculate the remainder when m is divided by (-2 + -1)*20/(-12).
2
Let m = 11528 + -11523. What is the remainder when 1304 is divided by m?
4
Let k(n) = 196*n + 32. Let r be k(-5). Let l = r + 1757. Calculate the remainder when l is divided by 28.
25
Suppose -3*f + 2*p + 22 + 19 = 0, -5*f + 79 = 2*p. Suppose 2*u - 3 = f. What is the remainder when 204 is divided by u?
6
Let u(l) = -l - 2. Let d(p) = -p**3 - p**2 + 2*p - 4. Let c be d(0). Calculate the remainder when 160/28 + 8/28 is divided by u(c).
0
Suppose 30*a + 112 = 622. Calculate the remainder when 41 is divided by a.
7
Let m(j) = 170*j**2 + 94*j + 196. Calculate the remainder when m(-2) is divided by 243.
202
Let f = -1082 + 1126. Suppose 0 = 3*g - 3*w + 15, 10 = g + 7*w - 3*w. Calculate the remainder when f is divided by (-4 - g - 13)/(-1).
14
Let u be ((-18)/(-15))/(6/15). Let g be (-6)/(-4)*-2*u. What is the remainder when -9*(-2 + 30/g) is divided by 25?
23
Let l be -4 - -3*(-8)/(-6). Suppose l = -4*k + 2*k - 252. Let q = -61 - k. Calculate the remainder when q is divided by 11.
10
Suppose 3*b - 115 = -6*t + 2*t, -5*t - b + 141 = 0. Suppose 2729 + 3561 = 20*p + 54*p - 3848. Calculate the remainder when p is divided by t.
25
Suppose 5*f + 1 = -14. What is the remainder when (2160/f)/4*-1 is divided by 14?
12
Suppose 324*n = 281792 + 795508. Calculate the remainder when n is divided by 222.
217
Let a be 39 - (-8)/(16/(-14)). Suppose a*z - 608 = 28*z. Calculate the remainder when z is divided by 39.
35
Let m(w) = w**2 - 31*w + 223. What is the remainder when m(24) is divided by 20?
15
Let n be (-6)/4 + (-45)/6. Let w be -2*(3 - n/(-2)). Suppose -z + 5 = w, z = 4*r - 130. What is the remainder when r is divided by 9?
6
Suppose 50 = 4*t + 4*a - 138, a = -2*t + 97. What is the remainder when t is divided by (147/(-35))/((-120)/400)?
8
Let w be 1/(-1 + 1 - 1)*313. Let i = 146 - w. Calculate the remainder when i is divided by 46.
45
Suppose 8*o - 192 = 296. What is the remainder when o is divided by 14?
5
Suppose -125430 + 137344 = 23*d. Calculate the remainder when d is divided by 13.
11
Let q(u) be the second derivative of -u**3 - 3*u**2 + 9*u. Let c be q(-3). Suppose -c + 0 = -s. Calculate the remainder when 35 is divided by s.
11
Let s(g) = -g**3 - 6*g**2 + g - 10. Let b be s(-7). Suppose -21*v - 220 = -b*v. Calculate the remainder when v is divided by 3.
2
Let a(u) = 4*u**2 - 399*u - 460. Calculate the remainder when a(102) is divided by 149.
11
Let f(y) = -26*y - 904. Suppose 0 = 3*i + 2*k - 64, -26 = i - 3*i + 2*k. Calculate the remainder when i is divided by f(-35).
0
Suppose 5*j = -2*n + 79, 0 = 5*j - 4*n - 18 - 79. Suppose -30*g + j*g = -52. What is the remainder when 10 is divided by g?
2
Suppose 3*c - 21*c + 288 = 0. Suppose -3*o - 2*z = -53, -3*o + c*z = 21*z - 56. Calculate the remainder when o is divided by 10.
7
Let s(h) be the first derivative of h**4/4 + 17*h**3/3 + 13*h**2/2 